{"id":30,"date":"2023-02-10T16:30:01","date_gmt":"2023-02-10T16:30:01","guid":{"rendered":"https:\/\/driveandride.se\/?page_id=30"},"modified":"2024-08-02T08:03:36","modified_gmt":"2024-08-02T08:03:36","slug":"policy","status":"publish","type":"page","link":"https:\/\/driveandride.se\/?page_id=30","title":{"rendered":"Policy"},"content":{"rendered":"\t\t<div data-elementor-type=\"wp-page\" data-elementor-id=\"30\" class=\"elementor elementor-30\">\n\t\t\t\t<div class=\"elementor-element elementor-element-603dee5 e-flex e-con-boxed e-con e-parent\" data-id=\"603dee5\" data-element_type=\"container\" data-e-type=\"container\">\n\t\t\t\t\t<div class=\"e-con-inner\">\n\t\t\t\t<div class=\"elementor-element elementor-element-6aa4b53 elementor-widget elementor-widget-heading\" data-id=\"6aa4b53\" data-element_type=\"widget\" data-e-type=\"widget\" data-widget_type=\"heading.default\">\n\t\t\t\t<div class=\"elementor-widget-container\">\n\t\t\t\t\t<h2 class=\"elementor-heading-title elementor-size-default\">Policy<\/h2>\t\t\t\t<\/div>\n\t\t\t\t<\/div>\n\t\t\t\t<div class=\"elementor-element elementor-element-d951d5a elementor-widget-divider--view-line elementor-widget elementor-widget-divider\" data-id=\"d951d5a\" data-element_type=\"widget\" data-e-type=\"widget\" data-widget_type=\"divider.default\">\n\t\t\t\t<div class=\"elementor-widget-container\">\n\t\t\t\t\t\t\t<div class=\"elementor-divider\">\n\t\t\t<span class=\"elementor-divider-separator\">\n\t\t\t\t\t\t<\/span>\n\t\t<\/div>\n\t\t\t\t\t\t<\/div>\n\t\t\t\t<\/div>\n\t\t\t\t\t<\/div>\n\t\t\t\t<\/div>\n\t\t<div class=\"elementor-element elementor-element-45da445b e-flex e-con-boxed e-con e-parent\" data-id=\"45da445b\" data-element_type=\"container\" data-e-type=\"container\">\n\t\t\t\t\t<div class=\"e-con-inner\">\n\t\t\t\t<div class=\"elementor-element elementor-element-383bf646 elementor-widget elementor-widget-text-editor\" data-id=\"383bf646\" data-element_type=\"widget\" data-e-type=\"widget\" data-widget_type=\"text-editor.default\">\n\t\t\t\t<div class=\"elementor-widget-container\">\n\t\t\t\t\t\t\t\t\t\n<h4 class=\"wp-block-heading\">Policy \/ V\u00e4rdegrund<\/h4>\n\n\n\n<p>I v\u00e5r f\u00f6rening vill vi att alla skall k\u00e4nna sig v\u00e4lkomna oavsett \u00e5lder eller inriktning p\u00e5 disciplin inom h\u00e4stsporten.<\/p>\n\n\n\n<p>F\u00f6reningen s\u00e4tter h\u00e4sten och m\u00e4nniskan i centrum och individen skall v\u00e4rnas med kunnande, respekt och omsorg.<\/p>\n\n\n\n<p>F\u00f6reningen st\u00f6ttar kusk och ryttare att n\u00e5 sina m\u00e5l och ambitioner.<\/p>\n\n\n\n<p>V\u00e5r f\u00f6rening arbetar f\u00f6r att i positiv anda utveckla kunskaper inom k\u00f6rsporten.<\/p>\n\n\n\n<p>Vi arbetar f\u00f6r m\u00e5ngfald, alla \u00e4r lika v\u00e4rda oavsett kunskapsniv\u00e5, storlek p\u00e5 h\u00e4st, h\u00e4stras eller vilken disciplin som ut\u00f6vas inom ridsporten.<\/p>\n\n\n\n<p>Vi v\u00e4rnar om h\u00e4sten, kusken, ryttaren och \u00f6vriga medverkande enligt g\u00e4llande djurskyddslag och t\u00e4vlingsreglemente.<\/p>\n\n\n\n<p>Barns s\u00e4kerhet och regler beaktas med st\u00f6rsta omsorg.<\/p>\n\n\n\n<p>F\u00f6reningen arbetar f\u00f6r att ekipagen skall vara i harmoni g\u00e4llande storlek och vikt f\u00f6r h\u00e4stens v\u00e4l.<\/p>\n\n\n\n<h4 class=\"wp-block-heading\">Vision<\/h4>\n\n\n\n<p>V\u00e5r f\u00f6rening vill sprida och utveckla kunskap om k\u00f6rning med h\u00e4st, samt bidra till goda kunskaper om k\u00f6rningens egenskaper och \u00e4ven vad dess nytta g\u00f6r f\u00f6r ridning och hantering av h\u00e4sten.<\/p>\n\n\n\n<p>Vi vill engagera och utveckla alla fr\u00e5n liten till stor oavsett utvecklingsniv\u00e5, alla skall k\u00e4nna sig v\u00e4lkomna och vilja ta del av v\u00e5r gemenskap.<\/p>\n\n\n\n<p>Vi jobbar f\u00f6r att erbjuda roliga, l\u00e4rorika och givande aktiviteter med h\u00e4sten i fokus.<\/p>\n\t\t\t\t\t\t\t\t<\/div>\n\t\t\t\t<\/div>\n\t\t\t\t\t<\/div>\n\t\t\t\t<\/div>\n\t\t\t\t<\/div>\n\t\t","protected":false},"excerpt":{"rendered":"<p>Policy Policy \/ V\u00e4rdegrund I v\u00e5r f\u00f6rening vill vi att alla skall k\u00e4nna sig v\u00e4lkomna oavsett \u00e5lder eller inriktning p\u00e5 [&hellip;]<\/p>\n","protected":false},"author":1,"featured_media":0,"parent":10,"menu_order":3,"comment_status":"closed","ping_status":"closed","template":"elementor_header_footer","meta":{"site-sidebar-layout":"default","site-content-layout":"","ast-site-content-layout":"default","site-content-style":"default","site-sidebar-style":"default","ast-global-header-display":"","ast-banner-title-visibility":"","ast-main-header-display":"","ast-hfb-above-header-display":"","ast-hfb-below-header-display":"","ast-hfb-mobile-header-display":"","site-post-title":"","ast-breadcrumbs-content":"","ast-featured-img":"","footer-sml-layout":"","ast-disable-related-posts":"","theme-transparent-header-meta":"","adv-header-id-meta":"","stick-header-meta":"","header-above-stick-meta":"","header-main-stick-meta":"","header-below-stick-meta":"","astra-migrate-meta-layouts":"default","ast-page-background-enabled":"default","ast-page-background-meta":{"desktop":{"background-color":"var(--ast-global-color-4)","background-image":"","background-repeat":"repeat","background-position":"center center","background-size":"auto","background-attachment":"scroll","background-type":"","background-media":"","overlay-type":"","overlay-color":"","overlay-opacity":"","overlay-gradient":""},"tablet":{"background-color":"","background-image":"","background-repeat":"repeat","background-position":"center center","background-size":"auto","background-attachment":"scroll","background-type":"","background-media":"","overlay-type":"","overlay-color":"","overlay-opacity":"","overlay-gradient":""},"mobile":{"background-color":"","background-image":"","background-repeat":"repeat","background-position":"center center","background-size":"auto","background-attachment":"scroll","background-type":"","background-media":"","overlay-type":"","overlay-color":"","overlay-opacity":"","overlay-gradient":""}},"ast-content-background-meta":{"desktop":{"background-color":"var(--ast-global-color-5)","background-image":"","background-repeat":"repeat","background-position":"center center","background-size":"auto","background-attachment":"scroll","background-type":"","background-media":"","overlay-type":"","overlay-color":"","overlay-opacity":"","overlay-gradient":""},"tablet":{"background-color":"var(--ast-global-color-5)","background-image":"","background-repeat":"repeat","background-position":"center center","background-size":"auto","background-attachment":"scroll","background-type":"","background-media":"","overlay-type":"","overlay-color":"","overlay-opacity":"","overlay-gradient":""},"mobile":{"background-color":"var(--ast-global-color-5)","background-image":"","background-repeat":"repeat","background-position":"center center","background-size":"auto","background-attachment":"scroll","background-type":"","background-media":"","overlay-type":"","overlay-color":"","overlay-opacity":"","overlay-gradient":""}},"footnotes":""},"class_list":["post-30","page","type-page","status-publish","hentry"],"_links":{"self":[{"href":"https:\/\/driveandride.se\/index.php?rest_route=\/wp\/v2\/pages\/30","targetHints":{"allow":["GET"]}}],"collection":[{"href":"https:\/\/driveandride.se\/index.php?rest_route=\/wp\/v2\/pages"}],"about":[{"href":"https:\/\/driveandride.se\/index.php?rest_route=\/wp\/v2\/types\/page"}],"author":[{"embeddable":true,"href":"https:\/\/driveandride.se\/index.php?rest_route=\/wp\/v2\/users\/1"}],"replies":[{"embeddable":true,"href":"https:\/\/driveandride.se\/index.php?rest_route=%2Fwp%2Fv2%2Fcomments&post=30"}],"version-history":[{"count":0,"href":"https:\/\/driveandride.se\/index.php?rest_route=\/wp\/v2\/pages\/30\/revisions"}],"up":[{"embeddable":true,"href":"https:\/\/driveandride.se\/index.php?rest_route=\/wp\/v2\/pages\/10"}],"wp:attachment":[{"href":"https:\/\/driveandride.se\/index.php?rest_route=%2Fwp%2Fv2%2Fmedia&parent=30"}],"curies":[{"name":"wp","href":"https:\/\/api.w.org\/{rel}","templated":true}]}}